 prime factors of y.
19
Suppose -4 = q + 4. Let a(z) = -z**2 - 10*z - 4. What are the prime factors of a(q)?
2, 3
Let c(i) = i**2 + 1. Let x be c(1). Suppose -5*z + x*z = -12. Suppose 5*h + z*y - 38 = 2*h, y - 2 = 0. What are the prime factors of h?
2, 5
Let n = 62 - -8. What are the prime factors of n?
2, 5, 7
Suppose 6*q = 2*q - 2*o + 162, -2*q + 69 = 5*o. Let g = -13 + q. What are the prime factors of g?
29
Suppose -5*p = -2*m + 108, -3*m - p - 78 + 223 = 0. List the prime factors of m.
7
Let u = 19 + -6. Let s = u + -2. List the prime factors of s.
11
Let x(l) = 2*l**2 - 2. Let j(t) = -t**2 - t - 8. Let q be j(0). Let i be (-18)/(-8) + 2/q. List the prime factors of x(i).
2, 3
Suppose m + 4*w = 3*m, w = 0. Suppose m*h - 3 = -h. List the prime factors of h.
3
Let n = 21 - 18. List the prime factors of n.
3
Let z(f) = 4*f - 3. Let o(c) = 5*c - 4. Let k(m) = 6*o(m) - 7*z(m). Let v be k(4). Suppose 0 = -2*w + 13 + v. List the prime factors of w.
3
Suppose -5 - 1 = o. Let p(h) = h**3 + 6*h**2 - 3*h. List the prime factors of p(o).
2, 3
Suppose 11 = y - 20. List the prime factors of y.
31
Let d be -1*-1*0/3. Suppose d = 5*i - 0*a + 3*a - 14, -4*a - 12 = -i. Suppose i*f - 25 = 11. What are the prime factors of f?
3
Suppose 0 = -4*v, -v - 46 - 38 = -2*b. Suppose -2*o = o - b. What are the prime factors of o?
2, 7
Let z(g) be the third derivative of 0 + 1/12*g**6 + 0*g + 2*g**2 - 1/60*g**5 - 1/6*g**3 + 1/24*g**4. List the prime factors of z(1).
3
Suppose 5*n + 6 = -14. Let p be n*(-1)/8*-2. List the prime factors of 2 - 0 - (p + 0).
3
Let i(d) = -d**2 - 6*d + 8. Let r be i(-7). Let t be -2 - r/(1/(-2)). Suppose -2*p + 21 - 3 = t. What are the prime factors of p?
3
Let p be (4/6)/((-1)/(-33)). Let u = 9 + p. Suppose -u - 1 = -2*h. What are the prime factors of h?
2
Let l = 47 - 27. Suppose 2*b = -0*b + l. List the prime factors of b.
2, 5
Let b(c) = c**3 + 7*c**2 + 5*c + 3. Let l be b(-6). Suppose l + 3 = 4*w. Suppose w*o - 21 = -0*o. List the prime factors of o.
7
Let m = -84 + 294. List the prime factors of m.
2, 3, 5, 7
List the prime factors of 6/(-4)*544/(-12).
2, 17
Let h = -31 + 87. What are the prime factors of h?
2, 7
Let t be -46*1/2*-5. Suppose z - 6*z + 5*a + t = 0, 0 = 2*z - 4*a - 56. List the prime factors of z.
2, 3
Suppose -4*o + 105 = 3*k + 2*k, k = -5*o. List the prime factors of k.
5
Suppose -2*l + 0*f = -4*f - 100, 3*l - 183 = -5*f. Suppose 0*j + 4*j = l. List the prime factors of j.
2, 7
Let l be (3 - 4) + 6 + 0. Suppose 0 = 3*a - 4*a + l. What are the prime factors of a?
5
Let f(g) = -18*g. Let t be ((-2)/(-4))/(2/(-4)). Let i be f(t). Let x = i + -12. What are the prime factors of x?
2, 3
Let x(p) = p**3 + 3*p**2 - 5*p - 1. Let z be x(-3). Let i(a) = a**2 + 5*a - 8. Let t be i(-6). List the prime factors of z/(3 - (t - -4)).
2, 7
Suppose -3*s = -5*j + 13, -2*s = 1 + 1. What are the prime factors of 16 + j + 4 + -2?
2, 5
Suppose 2*l + b = 32, -4*l + b - 28 + 92 = 0. Let z(c) = -c**2 + 3. Let v be z(-3). Let t = l + v. What are the prime factors of t?
2, 5
Let d = -10 + 14. Suppose -d*u - u + 65 = 0. What are the prime factors of u?
13
List the prime factors of (-12)/30 - 164/(-10).
2
Let p = -22 + 33. What are the prime factors of p?
11
Let h(z) = 2*z**3 + 4*z**2 + z - 2. Let p be h(-2). Let t(a) = -a**2 + 11*a - 9. Let w be t(9). Let x = p + w. What are the prime factors of x?
5
Suppose -3*z = -384 - 15. List the prime factors of z.
7, 19
Suppose -3*a = -a + 4, 0 = 5*b - a - 2. Let n(k) = b*k**2 - 2*k**2 + 3*k**2 + 9*k**2 + k. List the prime factors of n(-1).
3
Let k be 36/(-10) + (-6)/15. Let v(q) = -6 + 4*q - 6*q - 4*q. What are the prime factors of v(k)?
2, 3
Suppose -2*f + 33 = -93. What are the prime factors of f?
3, 7
Suppose -4*z + 64 = 4*d, -3*z + 2*d + 3*d + 64 = 0. Suppose 3*a = -2*n + z, -n + 37 = 3*a + 2*a. List the prime factors of a.
2
Let b be (-26)/7 + 2/(-7). Let d(t) = 2*t + 0*t**2 - 3*t**2 + 4*t**2 + 1. What are the prime factors of d(b)?
3
Suppose 0 = 2*o - o. Suppose o*d - 2*d = -10. Suppose 2*m + d*w + 0*w = 43, -5*m + 5*w = -20. List the prime factors of m.
3
Let u be (21/(-9))/((-1)/6). Let m = u + -3. List the prime factors of m.
11
Let i = 7 + -9. Let t(w) = w**3 + 4*w**2 + 3*w + 3. Let p be t(i). Let k(h) = 2*h - 2. List the prime factors of k(p).
2
Let g(d) = -2*d**3 - 4*d**2 - 3*d + 1. What are the prime factors of g(-4)?
7, 11
Suppose 246 = -2*t + 4*t. List the prime factors of t.
3, 41
Suppose -3*p - 5*x = -101, 30 = p - 2*x - 11. What are the prime factors of p?
37
Let l = 112 + -79. List the prime factors of l.
3, 11
Let m = 12 - -19. Suppose s = 11 + m. What are the prime factors of s?
2, 3, 7
List the prime factors of ((-18)/15)/(3/(-60)).
2, 3
Let b(c) = 3*c**2 + 7*c + 4. Let h be (-50)/12 + 4/24. List the prime factors of b(h).
2, 3
Suppose -131 = -2*w - 5*x, -7*w + 3*w + 5*x = -217. What are the prime factors of w?
2, 29
Let a(k) = k - 11. Let i be a(11). Suppose i = 4*o + r - 38 + 15, -5*o - 3*r = -20. List the prime factors of o.
7
What are the prime factors of (1 - 2)/((-6)/264)?
2, 11
Let g(x) = -x**3 - 7*x**2 - 8*x - 8. Let l be g(-6). Suppose 39 = 3*r - 3*i, 0*r + l*r + 3*i - 45 = 0. Suppose -2*d - r = -3*d. What are the prime factors of d?
2, 3
Let m(w) = -2*w + 9. Let o(k) = k**2 - 9*k + 6. Let s be o(9). Let j be m(s). Let i(r) = r**3 + 3*r**2 - 4*r - 2. List the prime factors of i(j).
2, 5
Let a be 0*2/6 + -1. Let b = -8 - -8. List the prime factors of a/(1 + b) + 8.
7
Let b(p) = -p**3 + 6*p**2 + 6*p + 8. Let s be b(7). Let o(y) = 19*y**3 - y + 1. What are the prime factors of o(s)?
19
Let f(o) = 24*o - 7. What are the prime factors of f(4)?
89
Suppose -3*d + 15 = f, -2*f = -d + 6*d - 25. Let x(r) = 7 - r + 4*r**2 - 2*r**2 - 3*r**2. List the prime factors of x(f).
7
Suppose -141 - 79 = -2*i. Suppose 0*d + i = 5*d. List the prime factors of d.
2, 11
Suppose 2*c - 4*c + 4 = 0. What are the prime factors of c - ((-9)/3 + -11)?
2
Let s = 34 - 21. List the prime factors of s.
13
What are the prime factors of 146/4 + 2/(-4)?
2, 3
Let i = 3 + 0. Suppose 2*o - 3 - 6 = i*m, -3*o + 2*m + 26 = 0. Let z = 20 - o. List the prime factors of z.
2
Let l = 59 + 51. What are the prime factors of l?
2, 5, 11
Let r(c) = -c**3 - 6*c**2 - 6*c - 8. List the prime factors of r(-6).
2, 7
Suppose t - 5*o - 124 = 0, 5*o - 230 + 66 = -t. List the prime factors of t.
2, 3
Suppose p + 2*p - 17 = -5*m, -1 = 3*m - p. Let g be m/((-3)/18) - 0. Let l = 8 + g. What are the prime factors of l?
2
Suppose -4*s - 41 = -t, 4*t + 4*s - 2*s - 92 = 0. List the prime factors of t.
5
Suppose 2*u + 3*d = 0, -4*d + 3*d + 4 = 2*u. Let g(z) = u*z + 0*z + 0*z**2 + 6 - 3*z**2 - z**3. What are the prime factors of g(-4)?
2, 5
Let n = -54 + 83. What are the prime factors of n?
29
Let h(s) = -s**2 + 5*s - 41. Let i(l) = -l. Let t(z) = -h(z) - 4*i(z). What are the prime factors of t(0)?
41
Let l(p) = -p + 3*p - p - 2. Let t be l(3). Let n = t - -2. What are the prime factors of n?
3
Suppose -2*s + 3*s + h - 41 = 0, -124 = -3*s - 4*h. List the prime factors of s.
2, 5
Suppose -v + 5*v - 28 = 0. Let t(y) = y**2 - 5*y - 8. List the prime factors of t(v).
2, 3
Suppose -s + 0*s - u + 2 = 0, 1 = -2*s - u. Let r(a) = a**3 + 4*a**2 + a. What are the prime factors of r(s)?
2, 3
Let r be (-22)/(-8) + 2/8. Let x = r + -2. Suppose 13 = d - x. List the prime factors of d.
2, 7
Suppose 2*h = -81 + 255. What are the prime factors of h?
3, 29
Let r(a) = 22*a - 3. Let b be r(4). Let k = b + -38. List the prime factors of k.
47
Suppose 0 = -12*j + 3768 - 732. List the prime factors of j.
11, 23
Let c = 89 - 39. Suppose -5*s + q - 109 = 0, 2*s - 4*s - c = -2*q. List the prime factors of (54/s)/((-6)/28).
2, 3
Let o(a) = -a + 2. List the prime factors of o(-6).
2
Suppose -4*w = 15*w - 4560. What are the prime factors of w?
2, 3, 5
Suppose 2*k = 3*k + 4, 2*k = 5*p - 38. Suppose p = -4*i + 22. List the prime factors of i.
2
Let o be 4 + -5 - (-4)/1. Let x(p) = -o*p + 4*p + 1 + 7. What are the prime factors of x(-6)?
2
Let l(w) = 1 - 6*w - 1 + 5. List the prime factors of l(-3).
23
Let c be (0 - -2)*(-9)/(-2). Suppose 4*h + 3 + c = 0, 3*l = -4*h + 72. List the prime factors of l.
2, 7
Let u(z) = -z**3 - 5*z**2 - z - 5. Let w be (-2 - -3)/(1/(-5)). Let